23 - 11100?
-10211
In base 8, what is -30176331 + -1?
-30176332
In base 8, what is 73333 + 5?
73340
In base 11, what is -898 + 4?
-894
In base 13, what is 88 + -3810?
-3755
In base 3, what is 102 - -1011012?
1011121
In base 10, what is -10787 - 40?
-10827
In base 10, what is -12 + -267483?
-267495
In base 11, what is -151a - 5?
-1524
In base 6, what is -341 - 101150?
-101531
In base 15, what is -1 - 1c33?
-1c34
In base 9, what is 132 + -768?
-636
In base 4, what is -331013102 + 13?
-331013023
In base 16, what is 4 - 4aa1d?
-4aa19
In base 9, what is -37 - -5543?
5505
In base 6, what is -2435541 - -4?
-2435533
In base 5, what is -41110 - 12?
-41122
In base 7, what is 1 - 1156030?
-1156026
In base 10, what is -1913 + 2?
-1911
In base 14, what is -1937 - d?
-1946
In base 8, what is 37073 - 5?
37066
In base 15, what is 9 + b3c3?
b3cc
In base 15, what is -2 - b5e6?
-b5e8
In base 7, what is 464 - 163?
301
In base 8, what is -3251037 + -3?
-3251042
In base 16, what is 4e41 + 2?
4e43
In base 8, what is -3 - -46431?
46426
In base 14, what is -179 - 641?
-7ba
In base 11, what is 3218 + 0?
3218
In base 4, what is 21000 - 11122?
3212
In base 7, what is 26 - -130?
156
In base 9, what is 2557 - -155?
2723
In base 2, what is 10001 - -1000100011011?
1000100101100
In base 9, what is 25101 + 30?
25131
In base 9, what is -5653585 - 2?
-5653587
In base 3, what is -1 + -21101102?
-21101110
In base 6, what is 34355 + -104?
34251
In base 14, what is 109b7 - 2?
109b5
In base 9, what is -3425400 - 3?
-3425403
In base 2, what is -10000101011101110 - 101?
-10000101011110011
In base 4, what is 2330 + -13210?
-10220
In base 12, what is 1a - 22129?
-2210b
In base 9, what is -8171405 - -1?
-8171404
In base 13, what is -2 - -c58?
c56
In base 3, what is -100 + 1102201?
1102101
In base 3, what is -10110100 - 2?
-10110102
In base 14, what is 15d6 - -2?
15d8
In base 16, what is -8db - -18?
-8c3
In base 11, what is 142 - 1183?
-1041
In base 3, what is 121221100202 + 1?
121221100210
In base 14, what is 2 - -7065?
7067
In base 9, what is -2811 + -5?
-2816
In base 5, what is -12 - -121031?
121014
In base 15, what is 18ab9c + -5?
18ab97
In base 15, what is -b59 - 1?
-b5a
In base 2, what is 1000111000111000 - 10101?
1000111000100011
In base 10, what is 2 + 9246?
9248
In base 8, what is 16502 - -46?
16550
In base 16, what is -39 - 935?
-96e
In base 4, what is -2 - 2023221?
-2023223
In base 14, what is 328 - -5a?
384
In base 10, what is -4 + 65656?
65652
In base 6, what is 142520 + -2?
142514
In base 3, what is -20222 + 20120?
-102
In base 16, what is -444e - -28?
-4426
In base 2, what is -10011111 + -101010011?
-111110010
In base 12, what is 9 - -14670?
14679
In base 14, what is -42a + 67b?
251
In base 9, what is -4 - 307016?
-307021
In base 9, what is -2 - -170356?
170354
In base 16, what is -36 + -3be?
-3f4
In base 5, what is -24143422 - 10?
-24143432
In base 8, what is 43660 - -72?
43752
In base 9, what is 61 + 640?
711
In base 5, what is -101 + 40300?
40144
In base 13, what is 8c + 5508?
5597
In base 9, what is 4140 - -21?
4161
In base 10, what is 106 + 7762?
7868
In base 7, what is -1104202 + -10?
-1104212
In base 2, what is 0 + 1000000100?
1000000100
In base 4, what is -320111 + 113130?
-200321
In base 3, what is -10001111220 - 11?
-10001112001
In base 4, what is 210321122 + 2?
210321130
In base 11, what is -624 - 136?
-75a
In base 13, what is -4 - b3c83?
-b3c87
In base 4, what is 113 + -10102?
-3323
In base 3, what is 201 - -1000012?
1000220
In base 11, what is -1503 + 32?
-1481
In base 13, what is -1801 - 5?
-1806
In base 7, what is -130 + 1236?
1106
In base 9, what is -1536 + -136?
-1673
In base 13, what is -20 + -52291?
-522b1
In base 4, what is 10130032 - 113?
10123313
In base 11, what is 1 + -339560?
-33955a
In base 4, what is 1 - 32011012?
-32011011
In base 9, what is -51334 - 1?
-51335
In base 13, what is 3 + 2a188?
2a18b
In base 6, what is -3 + 3135040?
3135033
In base 15, what is 89 - 2c?
5c
In base 11, what is 58 + 1982?
1a2a
In base 3, what is 200 - 12200111?
-12122211
In base 8, what is -27634 + 0?
-27634
In base 8, what is -3 - 2026261?
-2026264
In base 12, what is a9 + -11a6?
-10b9
In base 8, what is 772036 + -4?
772032
In base 4, what is -301130 + 23130?
-212000
In base 6, what is -2332424 + -11?
-2332435
In base 16, what is 3 - 5c7ba?
-5c7b7
In base 3, what is -1020 + -222022121?
-222100211
In base 4, what is 1212313 + 10?
1212323
In base 10, what is -3 - -502411?
502408
In base 16, what is 0 - -4cd92?
4cd92
In base 11, what is -a6871 + 5?
-a6867
In base 11, what is 2425 - -11?
2436
In base 6, what is -322 - -414?
52
In base 9, what is 11 + -546?
-535
In base 8, what is -3116 + 2?
-3114
In base 14, what is -bb8 + -22?
-bda
In base 5, what is 24 - 40021223?
-40021144
In base 13, what is -3831b3 - 5?
-3831b8
In base 7, what is -5142113 - 12?
-5142125
In base 16, what is -7 - 17ab?
-17b2
In base 14, what is 380a - -22?
382c
In base 3, what is 10021 + -101212?
-21121
In base 3, what is -11 + 20120212210?
20120212122
In base 8, what is 100 - 21?
57
In base 8, what is -5 - 74?
-101
In base 13, what is -19740 - -a?
-19733
In base 12, what is 28 + b2?
11a
In base 9, what is 18 + 12145?
12164
In base 10, what is 373 - 63?
310
In base 5, what is 4 - -2010304?
2010313
In base 8, what is 106761 - -3?
106764
In base 13, what is 5 + -3523?
-351b
In base 3, what is 101021212010 + -1120?
101021210120
In base 6, what is 11 + -223145?
-223134
In base 6, what is -5505 - -150?
-5315
In base 13, what is 4c5 + c64?
1459
In base 11, what is 46640 - -5?
46645
In base 12, what is 2578a - 3?
25787
In base 3, what is 2001102212 - 1?
2001102211
In base 10, what is 2 - 42106?
-42104
In base 5, what is 242443 - -1022?
244020
In base 3, what is -210 + 1112210002?
1112202022
In base 9, what is 23 - 28?
-5
In base 9, what is -3 - -237218?
237215
In base 4, what is -2302302 + -310?
-2303212
In base 4, what is -11210 + -10313?
-22123
In base 8, what is 1207 - 11?
1176
In base 13, what is -4428 - -1?
-4427
In base 6, what is 1 - -3250044?
3250045
In base 4, what is -100321220 - 30?
-100321310
In base 7, what is 304020 + 4?
304024
In base 3, what is 222022201 + -2?
222022122
In base 16, what is -3e - -659?
61b
In base 9, what is -1085 - 54?
-1150
In base 7, what is -4 + 21415511?
21415504
In base 14, what is 5 + 3c03b?
3c042
In base 8, what is 744712 - -12?
744724
In base 14, what is d55c8 + 4?
d55cc
In base 4, what is 12131133 - -23?
12131222
In base 13, what is 4 + -279b6?
-279b2
In base 8, what is -3 + -63301?
-63304
In base 13, what is -19312 + -17?
-19329
In base 11, what is 46660 + 3a?
4669a
In base 14, what is a + -31b1?
-31a5
In base 2, what is 111 - 11110100010100010100?
-11110100010100001101
In base 16, what is -3 - efe3?
-efe6
In base 16, what is -2 + -14ff?
-1501
In base 10, what is 1072 + -152?
920
In base 12, what is -5865 + 21?
-5844
In base 4, what is -12 - 11130200?
-11130212
In base 6, what is 4301 - 250?
4011
In base 13, what is 4 - -743?
747
In base 3, what is -1202 + 200022?
121120
In base 3, what is 11 - -10100100020?
10100100101
In base 4, what is -13200011131 - -10?
-13200011121
In base 8, what is -3 + -2162?
-2165
In base 8, what is -2202 + -10?
-2212
In base 7, what is 5022 - 160?
4532
In base 11, what is 4 + -86490?
-86487
In base 12, what is 15873 + 6?
15879
In base 9, what is -137302 + 1?
-137301
In base 5, what is -13313323 + -4?
-13313332
In base 9, what is -8 - -36111?
36102
In base 11, what is -419082 - 5?
-419087
In base 7, what is -14 - -26514?
26500
In base 12, what is 1a + 500?
51a
In base 9, what is 27 + 3851?
3878
In base 7, what is -6561 + 21?
-6540
In base 16, what is 12a7 - 22b?
107c
In base 10, what is 69 + -13351?
-13282
In base 14, what is 16b - 59?
112
In base 14, what is -1957 - -4d?
-1908
In base 10, what is 6521 + -4?
6517
In base 13, what is -a6 + 6046?
5c70
In base 2, what is -1010110 + 111010111000?
111001100010
In base 8, what is -1116314 - 5?
-1116321
In base 16, what is -24 - 37cae?
-37cd2
In base 12, what is -5 + 14124?
1411b
In base 6, what is -1101023 + -1?
-1101024
In base 5, what is -10 - 20240041?
-20240101
In base 7, what is -16 + 461114?
461065
In base 13, what is -6 + 2139?
2133
In base 2, what is -10001101 - 1011011100000?
-1011101